8 (base 16) in base 9?
1303683
Convert 2601 (base 9) to base 5.
30240
What is 10003445 (base 6) in base 2?
1000100100010110101
75885 (base 10) to base 15
17740
-122211222 (base 3) to base 4
-3023111
Convert 262954 (base 13) to base 6.
31414544
What is -165438 (base 9) in base 5?
-11234134
Convert 3235234 (base 9) to base 14.
3328bc
What is 132441430 (base 5) in base 6?
22220430
-56383 (base 9) to base 7
-214215
What is -402376 (base 10) in base 2?
-1100010001111001000
75a28 (base 11) to base 16
1af2e
What is 4da2da (base 14) in base 13?
72a360
What is 411006 (base 10) in base 7?
3331161
What is 1021222202220 (base 3) in base 14?
13cdda
1b5a4a (base 12) to base 7
4066006
Convert -12402413 (base 5) to base 11.
-83921
60871a8 (base 12) to base 8
105014120
What is -48d1 (base 16) in base 6?
-222145
What is -14089 (base 11) in base 5?
-1120222
b9d83 (base 15) to base 8
2200732
What is -25dd24 (base 14) in base 12?
-52b938
Convert 762055 (base 12) to base 6.
104024145
-1eedc (base 15) to base 6
-2100400
What is 142320141 (base 5) in base 15?
eab4b
What is 227a3c (base 13) in base 2?
11000111011010111100
-112edd (base 15) to base 4
-3020032030
Convert 703235 (base 9) to base 14.
ab708
Convert -58554 (base 16) to base 3.
-200101022110
Convert 1001011111110101000 (base 2) to base 11.
1a28a7
Convert -3406065 (base 7) to base 5.
-102003110
1002000011211 (base 3) to base 12
2364a1
Convert -4014c (base 14) to base 3.
-21211011001
What is -112311100 (base 4) in base 10?
-93520
-112012121000202 (base 3) to base 9
-15177022
4886441 (base 9) to base 5
1134433004
What is -14540385 (base 10) in base 12?
-4a526a9
What is -258c1 (base 14) in base 11?
-6337a
bc56b (base 14) to base 10
456579
Convert 10079a (base 12) to base 10.
249958
-111100120211 (base 3) to base 12
-108157
What is a744d (base 14) in base 4?
1202223331
Convert 24aa32 (base 16) to base 5.
1103342431
Convert 1513054 (base 7) to base 5.
23031103
Convert 102011212 (base 3) to base 13.
392c
What is 20113312323 (base 4) in base 10?
2194875
What is 36da8 (base 16) in base 3?
102102012111
What is 11101100010100010001011 (base 2) in base 14?
1058043
Convert -2042432121 (base 5) to base 14.
-7d0269
212201021203 (base 4) to base 12
346b397
-34826 (base 13) to base 15
-1d605
What is -1495a5 (base 16) in base 6?
-44525301
Convert -416853 (base 9) to base 7.
-2051346
-1bd3db (base 15) to base 12
-557752
Convert -30412241 (base 5) to base 10.
-247821
What is -4464630 (base 8) in base 13?
-333317
Convert -a3a5 (base 13) to base 2.
-101100001010100
Convert 117b4c (base 14) to base 7.
5036325
What is -10275577 (base 8) in base 9?
-4114014
-12314454 (base 6) to base 15
-7d2e4
Convert -774511 (base 11) to base 10.
-1235785
What is 2e4efa (base 16) in base 8?
13447372
Convert -29dc4 (base 15) to base 11.
-92256
-60950 (base 13) to base 3
-22210020122
Convert -2b0b6c (base 15) to base 16.
-1fb5fa
Convert -13113001033 (base 4) to base 15.
-28199a
24047 (base 15) to base 8
340201
-30014442 (base 6) to base 15
-1197c8
-1b2a92 (base 13) to base 4
-2220313103
13444130 (base 5) to base 15
2b995
What is 1365224 (base 7) in base 14?
4b24b
What is 31111322 (base 4) in base 14?
15cb8
Convert 445791 (base 11) to base 14.
146c4a
Convert -ab5501 (base 13) to base 8.
-17320424
10d163c (base 14) to base 2
11110101001001010010110
Convert -457c8 (base 15) to base 9.
-366308
Convert -1484135 (base 10) to base 2.
-101101010010101100111
Convert 128901 (base 10) to base 14.
34d93
-3101104313 (base 5) to base 13
-13b6785
35766085 (base 9) to base 4
1002213133220
-95abd (base 16) to base 12
-256939
404834 (base 9) to base 7
2016046
What is 10021200212 (base 3) in base 9?
107625
-210133310 (base 4) to base 15
-2e462
Convert d768e3 (base 15) to base 6.
1003354453
-a092b (base 14) to base 8
-1361653
1011122201110022 (base 3) to base 16
100b4a9
2088711 (base 10) to base 2
111111101111100000111
Convert 304140332 (base 5) to base 11.
777777
-10525660 (base 7) to base 15
-130e21
14240635 (base 7) to base 3
2111221221121
52b67 (base 14) to base 11
127140
Convert -56d942 (base 14) to base 12.
-ba735a
What is -1020102120112 (base 3) in base 16?
-a0a39
Convert -865057 (base 13) to base 7.
-35540512
24460474 (base 8) to base 12
19843b8
What is 44270a (base 13) in base 3?
10000112122120
Convert 7b6698 (base 13) to base 7.
33612053
What is -2a9b25 (base 15) in base 9?
-3775788
-2308887 (base 12) to base 8
-31537347
-7fc4 (base 16) to base 15
-9a58
-1401271 (base 9) to base 7
-6350536
What is 3144221 (base 5) in base 15?
10ac6
-1c8573 (base 14) to base 10
-1021849
Convert -10000201112212 (base 3) to base 16.
-188b7f
633a4 (base 14) to base 11
153a01
-131121230 (base 4) to base 2
-11101011001101100
1c54a4 (base 13) to base 7
6112044
Convert -11314254 (base 6) to base 12.
-14b98a
Convert b95b (base 14) to base 3.
1121221021
What is -100001010001111011101 (base 2) in base 14?
-2055c9
What is -2013331320 (base 4) in base 16?
-87f78
What is -66cff (base 16) in base 5?
-101433434
What is -113011150 (base 6) in base 10?
-2101098
What is 121543a (base 11) in base 2?
1000000100011110011110
-216261 (base 7) to base 9
-57370
What is -6754 (base 8) in base 7?
-13251
What is 1015134 (base 7) in base 15?
26179
What is 2b6b11 (base 16) in base 5?
1212023312
What is d8a6b (base 14) in base 7?
4306664
What is -120011020122 (base 3) in base 7?
-2351540
What is 2002000202000 (base 3) in base 5?
240242123
-225321 (base 8) to base 2
-10010101011010001
Convert 245143 (base 12) to base 5.
122330233
-51073 (base 8) to base 13
-9774
What is 12764230 (base 9) in base 2?
11000000010011111100001
Convert 1c25176 (base 13) to base 9.
18531664
Convert 1001122100221210 (base 3) to base 10.
15222216
Convert -42495 (base 12) to base 16.
-15431
1111200111112 (base 3) to base 13
220667
Convert -12ab592 (base 13) to base 11.
-3356919
Convert -1242156 (base 8) to base 11.
-216397
-626426 (base 7) to base 9
-174028
Convert 15a43a3 (base 11) to base 13.
747211
-32379 (base 14) to base 7
-1014012
Convert -155150522 (base 6) to base 8.
-14542062
Convert 5205155 (base 6) to base 2.
111101000001111111
Convert 4312550 (base 9) to base 10.
2311380
-1684765 (base 10) to base 3
-10011121001201
-21efb2 (base 16) to base 9
-4158736
Convert 3b4b39 (base 12) to base 5.
222430013
Convert 9dcbc2 (base 14) to base 13.
1162727
Convert -100010010110000001100 (base 2) to base 8.
-4226014
Convert 2bc24 (base 13) to base 9.
136287
325472 (base 10) to base 8
1173540
10a486 (base 11) to base 2
101010101101011011
-2012232 (base 8) to base 9
-886372
Convert -20177475 (base 8) to base 13.
-b61b00
Convert 221230030 (base 4) to base 3.
22200020121
-888333 (base 10) to base 5
-211411313
Convert 104065004 (base 7) to base 14.
b8a374
-11000000010011010001110 (base 2) to base 12
-213a726
Convert -1001101000110001000 (base 2) to base 14.
-83120
-6c8bc4 (base 14) to base 16
-38a4d8
Convert 1822a6 (base 11) to base 7.
2250552
What is -1766471 (base 8) in base 15?
-a3dc1
Convert -60167 (base 15) to base 6.
-10303424
Convert 67230 (base 10) to base 15.
14dc0
Convert 11162b2 (base 13) to base 5.
2320142303
Convert -2112331320 (base 5) to base 15.
-5c3e40
2061645 (base 7) to base 14
6735c
-80441 (base 9) to base 12
-26701
Convert -29d6d (base 14) to base 5.
-11313143
-1345510021 (base 6) to base 11
-9357030
What is 301260 (base 7) in base 12?
25560
-200000120010021 (base 3) to base 10
-9576961
Convert 1267151 (base 15) to base 2.
110010011111101100111011
What is 6d8c4 (base 16) in base 14?
b9748
-410959 (base 10) to base 9
-685651
4179d8 (base 14) to base 5
1031221444
What is -22414400 (base 5) in base 3?
-101020000210
What is 120011022121 (base 3) in base 16?
48d99
-12421104 (base 7) to base 4
-10110030003
What is -1141225 (base 6) in base 3?
-10001012022
-698085 (base 10) to base 9
-1273530
Convert -125905 (base 13) to base 16.
-6ba5e
Convert 4a6a7 (base 11) to base 5.
4311332
Convert 229733 (base 12) to base 5.
120240420
Convert 13ca16 (base 15) to base 9.
1713603
What is -18209b0 (base 13) in base 7?
-123526420
1004741 (base 12) to base 2
1011011010111100100001
Convert 12ba4c (base 16) to base 2.
100101011101001001100
Convert -5724f (base 16) to base 15.
-70b63
8b4692 (base 13) to base 3
20012101010011
What is -6001 (base 